False
Is 2608717 prime?
False
Is 922897 composite?
False
Is 612553 composite?
False
Is 8563 a composite number?
False
Is 42337 a composite number?
False
Is 66835 prime?
False
Is 400339 a prime number?
True
Is 991414 composite?
True
Is 210421 a prime number?
True
Is 20701 a composite number?
True
Is 12179 a composite number?
True
Is 35641 a prime number?
False
Is 26459 prime?
True
Is 2362363 composite?
False
Is 30631 a composite number?
False
Is 3907 composite?
False
Is 283913 composite?
True
Is 27505 prime?
False
Is 27843 composite?
True
Is 40343 a prime number?
True
Is 30161 composite?
False
Is 4783 a prime number?
True
Is 160933 composite?
False
Is 473647 a composite number?
False
Is 391409 a prime number?
False
Is 9113 prime?
False
Is 1200581 prime?
True
Is 99401 composite?
False
Is 71089 a prime number?
True
Is 14621 prime?
True
Is 12239 a prime number?
True
Is 699481 a prime number?
False
Is 9055 a prime number?
False
Is 15949 a prime number?
False
Is 17341 a prime number?
True
Is 10831 a composite number?
False
Is 366391 composite?
True
Is 15551 a composite number?
False
Is 989239 prime?
True
Is 85945 composite?
True
Is 55966 a composite number?
True
Is 48715 prime?
False
Is 159491 a prime number?
True
Is 2323 composite?
True
Is 233677 a composite number?
True
Is 52951 a composite number?
False
Is 647453 prime?
True
Is 2411 a composite number?
False
Is 242857 a prime number?
False
Is 12115 prime?
False
Is 1767911 a prime number?
True
Is 80677 composite?
False
Is 2267 composite?
False
Is 7639 prime?
True
Is 84259 prime?
False
Is 29299 a prime number?
False
Is 2681 prime?
False
Is 6113 composite?
False
Is 5381 prime?
True
Is 45611 a prime number?
False
Is 112433 a composite number?
True
Is 67 a prime number?
True
Is 271409 prime?
True
Is 100267 composite?
False
Is 78661 prime?
False
Is 115193 a composite number?
True
Is 12809 a composite number?
False
Is 12439 a composite number?
True
Is 2213441 composite?
False
Is 337427 prime?
True
Is 58285 a prime number?
False
Is 836149 a composite number?
False
Is 52453 a composite number?
False
Is 403561 composite?
True
Is 33119 a prime number?
True
Is 69761 prime?
True
Is 2371 a prime number?
True
Is 68633 prime?
True
Is 4703 a prime number?
True
Is 10435 a composite number?
True
Is 55235 composite?
True
Is 1901 composite?
False
Is 421691 a composite number?
False
Is 3847 a prime number?
True
Is 29657 prime?
False
Is 17539 composite?
False
Is 27427 a composite number?
False
Is 119807 a prime number?
False
Is 73559 a composite number?
True
Is 42259 prime?
False
Is 15773597 a prime number?
False
Is 2777 a composite number?
False
Is 1949 a prime number?
True
Is 1159271 a composite number?
False
Is 499253 a prime number?
True
Is 48073 a composite number?
False
Is 9649 prime?
True
Is 25341 a prime number?
False
Is 1428473 a composite number?
False
Is 14681 a composite number?
True
Is 2459 prime?
True
Is 153641 composite?
False
Is 46559 a composite number?
False
Is 25238 a prime number?
False
Is 8329 a composite number?
False
Is 513473 a composite number?
False
Is 16855 a composite number?
True
Is 916733 a composite number?
False
Is 709691 a prime number?
True
Is 68711 a composite number?
False
Is 35403 a composite number?
True
Is 53549 composite?
False
Is 1796117 a composite number?
True
Is 1646819 prime?
True
Is 8373619 prime?
True
Is 31439 a composite number?
True
Is 173365 a prime number?
False
Is 106273 a composite number?
False
Is 63103 a prime number?
True
Is 109 a composite number?
False
Is 2833 a prime number?
True
Is 1740947 a composite number?
True
Is 2545931 a prime number?
False
Is 376067 composite?
True
Is 261071 prime?
True
Is 362057 a prime number?
False
Is 1399 a prime number?
True
Is 17461 prime?
False
Is 2330413 prime?
True
Is 174567 a composite number?
True
Is 29159 a prime number?
False
Is 294197 prime?
False
Is 52249 a composite number?
False
Is 107227 a prime number?
True
Is 68399 prime?
True
Is 14302 a prime number?
False
Is 34721 composite?
False
Is 31793 prime?
True
Is 11047 a prime number?
True
Is 22507 a composite number?
True
Is 909749 composite?
True
Is 267263 a composite number?
True
Is 4269 composite?
True
Is 3989 a composite number?
False
Is 903007 a prime number?
False
Is 68687 prime?
True
Is 5539 prime?
False
Is 319567 composite?
False
Is 48917 a prime number?
False
Is 30241 a composite number?
False
Is 20239 a prime number?
False
Is 277297 a prime number?
True
Is 3079 a prime number?
True
Is 11797 a composite number?
True
Is 144539 a prime number?
True
Is 8287 a composite number?
False
Is 89629 a prime number?
False
Is 77137 a composite number?
False
Is 7627 prime?
False
Is 8571 composite?
True
Is 3926203 composite?
False
Is 106319 a composite number?
False
Is 34057 composite?
False
Is 301465 a composite number?
True
Is 37063 a composite number?
True
Is 4849 a prime number?
False
Is 365289 a prime number?
False
Is 505 a composite number?
True
Is 88411 a composite number?
False
Is 1657 a composite number?
False
Is 12941 prime?
True
Is 1781 composite?
True
Is 664843 prime?
True
Is 2579 a prime number?
True
Is 29686 a composite number?
True
Is 9811 composite?
False
Is 10319 a prime number?
False
Is 2494031 a composite number?
False
Is 10219 composite?
True
Is 12781 a prime number?
True
Is 140627 prime?
True
Is 31937 composite?
True
Is 49366 a composite number?
True
Is 27457 a prime number?
True
Is 7121 a prime number?
True
Is 21331 a prime number?
False
Is 2437 a prime number?
True
Is 397517 composite?
False
Is 8851 a composite number?
True
Is 887 composite?
False
Is 229531 composite?
True
Is 9229 a composite number?
True
Is 119517 a prime number?
False
Is 112907 prime?
False
Is 50627 a prime number?
True
Is 125399 a prime number?
True
Is 179921 prime?
False
Is 979873 prime?
True
Is 2819 a prime number?
True
Is 508637 a prime number?
True
Is 199763 prime?
False
Is 2923 composite?
True
Is 4141 composite?
True
Is 271 a prime number?
True
Is 203 a composite number?
True
Is 102413 a composite number?
True
Is 3099 prime?
False
Is 647 prime?
True
Is 65213 a prime number?
True
Is 17287 a prime number?
False
Is 264263 prime?
True
Is 424313 a prime number?
True
Is 16847 composite?
True
Is 318574 a prime number?
False
Is 6033 prime?
False
Is 94567 a composite number?
True
Is 1273367 a composite number?
False
Is 993349 prime?
False
Is 24281 composite?
False
Is 124295 prime?
False
Is 114883 composite?
False
Is 70571 prime?
True
Is 112381 composite?
True
Is 78005 a composite number?
True
Is 81721 a composite number?
True
Is 7483 composite?
True
Is 34031 a composite number?
False
Is 234679 a composite number?
True
Is 502699 a composite number?
False
Is 9089 prime?
False
Is 100543 a composite number?
True
Is 56939 a prime number?
False
Is 106291 a prime number?
True
Is 223855 prime?
False
Is 53647 a prime number?
False
Is 528659 a composite number?
False
Is 93629 prime?
True
Is 9533 composite?
False
Is 629843 a composite number?
False
Is 6881 a composite number?
True
Is 7609 a composite number?
True
Is 12443 composite?
True
Is 990707 a prime number?
True
Is 4391 composite?
False
Is 698773 prime?
True
Is 12289 a prime number?
True
Is 242729 prime?
True
Is 1323698 composite?
True
Is 1861 a prime number?
True
Is 26897 prime?
False
Is 943919 composite?
True
Is 707 prime?
False
Is 101617 composite?
True
Is 6847 prime?
False
Is 1061 composite?
False
Is 124859 composite?
True
Is 6557 a prime number?
False
Is 134913 prime?
False
Is 446 composite?
True
Is 9533 a composite number?
False
Is 1949 prime?
True
Is 20789 a composite number?
False
Is 34739 prime?
True
Is 201319 composite?
True
Is 122777 prime?
True
Is 714341 prime?
True
Is 43879 composite?
True
Is 490913 a prime number?
True
Is 12373 composite?
False
Is 104459 a prime number?
True
Is 298 a prime number?
False
Is 43861 a prime number?
False
Is 10841 composite?
True
Is 4989 prime?
False
Is 280751 composite?
False
Is 29789 prime?
True
Is 953 a composite number?
False
Is 129251 a composite number?
True
Is 14253 a prime number?
False
Is 98493 composite?
True
Is 224647 a composite number?
True
Is 7151 prime?
True
Is 355753 prime?
True
Is 58043 a composite number?
False
Is 2537945 a prime number?
False
Is 12853 a prime number?
True
Is 6233